t) be the third derivative of -t**4/12 - 4*t**3/3 - 2*t**2. Let q be g(-6). Suppose 2*f + 2*m = 2, 0 = -q*m + 9 + 7. Calculate a(f).
-1
Let d(x) = -x**2. Let u(f) = 2*f**2 - 9*f + 6. Let j be -1*3/((-15)/(-5)). Let h(y) = j*d(y) - u(y). Give h(7).
8
Let s(d) = -d**2 - d. Let o = -208 - -209. Let y(l) = 0*l**2 - l**2 + 7*l**2 + 2*l + 2. Let c(i) = o*y(i) + 5*s(i). Determine c(3).
2
Let b(i) = -6*i + 8. Let h(w) = -5*w + 7. Let r(z) = -3*b(z) + 4*h(z). Let m(q) = q**2. Let p(v) = m(v) - r(v). What is p(-3)?
-1
Let m be 3*16/(-36)*-6. Suppose -5*q = -q - m. Suppose -4 = q*s, -5*o + 3*s = -5 - 1. Let y(t) = t**3 + t**2 + t - 2. Give y(o).
-2
Let g(v) = -2*v**2 + 2. Let x be g(-2). Let a(y) be the first derivative of -y**4/4 - 7*y**3/3 - 9*y**2/2 - 5*y - 12. What is a(x)?
13
Let d(s) be the second derivative of -s**3/6 - 7*s**2 + 7*s - 1. Determine d(-7).
-7
Let s be 5/(-35)*(-20 + 20). Let u(m) be the second derivative of m**2 + 8*m + 1/6*m**3 + 1/12*m**4 + s. What is u(-4)?
14
Let r(u) = 2 - u**2 + u**3 - 6*u - 7*u**2 + 3*u**2 + 0*u**3. Let c(p) = -6*p**3 + 2*p**2 - 4*p + 1. Let z be c(2). Let s = z + 53. Determine r(s).
2
Let s(y) = -8*y**3 - 1. Let w = 1202 + -1201. Give s(w).
-9
Let v(d) = -d**2 + 2*d - 1. Suppose -24*h + 23*h = -4. Suppose 2*b + 5*u + 23 = -5, 4*b - h*u = 0. Determine v(b).
-25
Suppose 11*p - p = -140. Let g be p/(-5) - 6/(-30). Let f(q) = q - 5. What is f(g)?
-2
Let p(o) = -2*o - 8. Let t be p(-6). Let k be 3 + 5/(10/t). Let u(y) = 5*y - 4*y + 1 + k*y**2 - 2*y**2 - 2*y. Calculate u(1).
3
Suppose 0*a - 2*a = -14. Let t(i) = -i**3 + 11*i**2 + 2. Let x be t(10). Let n(f) = -8 + 4*f**2 - 5*f**2 - x*f + 110*f. Give n(a).
-1
Suppose -4 = -2*l + 5*w - 6, l - 5*w + 6 = 0. Let z(q) = -1. Let f(b) = -b**3 + 4*b**2 - 5*b + 9. Let c(s) = f(s) + 4*z(s). Give c(l).
-15
Let w(g) = 8*g - 16*g - 2*g + 5*g + 19. Give w(6).
-11
Suppose -16 = 4*o, -3*o - 3 = 2*m - 1. Let q(v) be the second derivative of -v**3/3 + 7*v**2/2 - 2*v. What is q(m)?
-3
Let j(x) be the first derivative of x**2/2 - 5*x - 545. Let b(h) = h**2 - h + 1. Let g be b(-2). Give j(g).
2
Let q = 74 + -77. Let v(g) = g**3 + 5*g**2 + 3*g + 3. Calculate v(q).
12
Let z(w) = 16*w**2 - 1. Let i = -120 - -121. Determine z(i).
15
Let s(f) = -f**3 - 3*f**2 + 4*f - 1. Let u = -17 + 13. Let a be s(u). Let l(p) = 6*p**3 + p**2 - p - 1. What is l(a)?
-5
Let x(u) = -u**3 + u**2 + 15*u - 4. Let l be x(4). Let a(t) = t - 14. Calculate a(l).
-6
Let k be ((-48)/40)/((-6)/20). Suppose -3*o - 15 = -5*l, 3*l - 11 = 2*o - 1. Suppose l = 2*h + k. Let z(p) = -p**2 + p. Give z(h).
-6
Suppose 28*c + 128 = 36*c. Let g be ((-6)/(-4))/((-6)/c). Let r(k) = 2*k**2 + 5*k + 4. Determine r(g).
16
Let o(v) = v - 1. Let h be o(-3). Let z(p) = 5*p**2 + 2*p + 13. Let f(q) = 3*q**2 + q + 7. Let a(n) = h*z(n) + 7*f(n). Let s = 6 + -9. Give a(s).
9
Let l(u) = -u - 12. Let f be l(-21). Suppose 0 = -5*y + f - 4. Let d(x) = 2*x**2 - 2*x + 1. Give d(y).
1
Let r(n) = 18*n + 4 + 10*n - 32*n + n**2 - 5. Give r(6).
11
Let w = -1 - -3. Let z(l) be the first derivative of -l**w + l - l + 3 + 2*l. Determine z(2).
-2
Let x(a) be the third derivative of a**5/60 + 7*a**4/24 + a**3/2 + 4*a**2. Suppose -3*h = 2*b + 6, -3*h + 2 = 5*b - 1. Suppose 5*q + 8 = b*q. What is x(q)?
-9
Suppose -153*u + 183 - 707 = 109*u. Let g be (-1 + 0)/(-1)*1. Let x(f) = -f**3 + 1. Let a(w) = 8*w**3 + 3*w**2 - 8. Let j(d) = g*a(d) + 6*x(d). Determine j(u).
-6
Let b be (-3 - (-6)/(-2)*-1)/2. Let y(j) = 4*j + b*j + 3 + 0*j - 5*j. Calculate y(3).
0
Let l(v) = -v**2 - 7*v - 4. Let u be 20/3 - 1/(-3). Let m(q) = -5*q + 12. Let y(n) = n. Let f(x) = -m(x) - 4*y(x). Let w be f(u). Calculate l(w).
6
Suppose f = -5*x + 26 - 6, 0 = 3*x + 5*f - 12. Let b = 8 - x. Let g(r) = -2*r + b - 1 - 2. Give g(-1).
3
Suppose -5*n + 20 = 2*r, 0 = 2*r - 7*n + 2*n. Let j(c) = r*c**2 + c + 3 + 2*c - c**2 - 2*c**2. Give j(-4).
23
Let d(l) = -2*l**2. Suppose 6 = -4*t + 5*w, 3*t - 3*w = t - 4. Calculate d(t).
-2
Let s(d) = 19*d**3 - 2*d**2 - 2*d - 2. Let r(v) = -8*v**3 + v**2 + v + 1. Let b(m) = 7*r(m) + 3*s(m). What is b(0)?
1
Let x(q) be the third derivative of q**4/8 - 4*q**3/3 - 26*q**2. Let z(m) = -13*m + 32. Let t(w) = 9*x(w) + 2*z(w). Determine t(11).
3
Let n = 1081 + -4323/4. Let p(s) be the first derivative of 5/3*s**3 + 3*s**2 - 5 + 4*s + n*s**4. Give p(-4).
-4
Let b(z) = 6*z - 11. Suppose 3 = 2*p + 3*i - 2*i, 5*p - 2*i - 12 = 0. Determine b(p).
1
Let f be (90/60)/((-6)/28). Let o(x) = 1 - 7*x**2 + 2 - 5 - x**3. Calculate o(f).
-2
Let a(z) = -3*z + 756 - 2*z**2 + 6*z**2 - 759. What is a(-1)?
4
Let i(n) = -n + 1. Let b be (228/(-8))/((-3)/(-4)). Let f = b - -40. Determine i(f).
-1
Let c be 2*10/10*(-1)/2. Let y(u) = 10*u - 3. Let o(n) = -n + 1. Let g(h) = h - 2. Let l be g(4). Let f(t) = l*o(t) + y(t). Determine f(c).
-9
Suppose m = -2*m + 4*v - 6, 4*m + 2*v - 14 = 0. Suppose i - 9 = -3*f, 31 = i - m*i + 5*f. Let h(b) = -b**2 - 8*b - 2. Calculate h(i).
10
Let q = 2879/2 + -1437. Let y(x) be the first derivative of -2/3*x**3 + 8 - q*x**2 - 4*x. Calculate y(-3).
-7
Let d(q) = 4 + q**2 + 24*q - 20*q + 8*q. Calculate d(-11).
-7
Let b(w) = w - 2. Let v(u) = 4*u - 4 + u**2 + 3 + 0 + 0. Let m be v(-5). Suppose 4 = -x - 2*x + 4*o, -2*x + m*o = 0. Determine b(x).
-6
Let w(n) = 7*n + 2 - 7*n**2 - 10 + n**3 + 0*n. Let t be w(6). Let o(m) = 11*m + 139 - 10*m - 77 - 64. Give o(t).
-4
Let n(w) be the third derivative of -w**4/8 - 2*w**3 + 48*w**2 + 2*w. Calculate n(-8).
12
Let i = -246 + 254. Let h(y) = -y**2 + 8*y - 5. What is h(i)?
-5
Let b(g) be the second derivative of -g**5/20 + 7*g**4/12 - 2*g**3 + 33*g**2/2 - 133*g. Determine b(6).
-3
Let x(z) = 5*z - 7. Suppose -10*o + 63 = -o. Suppose o = 5*c - 18. What is x(c)?
18
Let j(f) be the first derivative of f**5/40 - f**4/24 + 10*f**3/3 + 6. Let t(u) be the third derivative of j(u). Calculate t(1).
2
Let g be 14/(-4)*1040/(-910). Let c(n) = 9*n - 42. Calculate c(g).
-6
Let b(l) = -2*l + 3. Let h(t) be the first derivative of 2*t**2 - 6*t + 6. Let s(a) = 9*b(a) + 4*h(a). Determine s(3).
-3
Let f(g) be the second derivative of 13*g**3/6 + 18*g**2 - 146*g. What is f(-3)?
-3
Let o(n) = -7*n**2 + 8*n - 6*n**2 - 7*n**2 - 4*n**2 + 23*n**2. What is o(8)?
0
Let d(t) be the first derivative of -7 + 9*t + 7*t**2 + 1/6*t**3. Let i(a) be the first derivative of d(a). What is i(0)?
14
Suppose 31*z + 75 = 26*z. Let o(y) = y + 21. Calculate o(z).
6
Let d(t) be the second derivative of -t**4/6 + t**3/2 - 3*t**2/2 + 184*t + 1. Calculate d(2).
-5
Suppose -6*s + 3 = -s - 4*g, 10 = -2*s - 4*g. Let d(l) = 2*l**2 - 5*l + 3. Let u(b) = -b**2 + 2*b - 1. Let a(i) = -2*d(i) - 5*u(i). What is a(s)?
0
Let v(p) be the third derivative of -p**6/120 - 7*p**5/60 - 5*p**4/24 - 104*p**2. Calculate v(-6).
-6
Let r = 33 - 33. Let i(o) = -2*o + 0*o + r + 9*o**2 - 1. Calculate i(-1).
10
Let m(f) = -13*f - 3. Let o(a) = 7*a + 1. Let d(v) = 6*m(v) + 11*o(v). Let y(s) = 24*s - 72. Let q be y(3). What is d(q)?
-7
Let i(x) = -x**2 + x - 1. Let y(r) = -4*r**2 + 5*r - 3. Let u(a) = 3*i(a) - y(a). Let s be 10/5 + 3 + -1. Let n be ((-16)/(-12))/(s/6). Determine u(n).
0
Let m(a) = 9738*a**2 + 2*a - 19483*a**2 + 2 + 9738*a**2 + a**3. Determine m(7).
16
Let f(s) = s**3 - 3*s**2 - 2*s - 1. Suppose -2*t + 4 = 4*x, 5*t - x = -0*x + 65. Let m = t + -9. Let b be 2*(1 - (-3)/m). Determine f(b).
7
Let l(p) = 5*p - 8. Let f(z) = -14*z + 26. Let v(r) = -3*f(r) - 10*l(r). Let a(h) = 4*h - h**2 + 2*h**2 + 2*h + 2. Let u be a(-6). Calculate v(u).
-14
Suppose 5*b + 2*p = 72 + 51, 4*b = 2*p + 84. Suppose -4*w + 5 = -b. Let a(x) = 1 - 3*x - w + 5. Calculate a(-1).
2
Let d(m) = 2 - 3 - 2*m**2 - 3*m + m**3 + 4. Suppose 2*p - 4*f - f = -23, p + 5*f = 11. Let w = -1 - p. Determine d(w).
3
Let i(m) = -64 - 44 + 2*m + 186 - 65. Determine i(-6).
1
Suppose l - 65 = -l - 3*f, -20 = -l - 4*f. Suppose l*g - 14 = 38*g. Let u(v) = v - 6. Determine u(g).
1
Let a(v) = -v - 17. Let r(k) = -k**2 + 16*k + 49. Let g be r(19). Calculate a(g).
-9
Suppose 2*g - 1 = -3*h, -6*h - 4*g - 2 = -4*h. Let i(x) = -x**2 + x + 1. Determine i(h).
1
Let m(n) = -5*n + 33. Suppose -4*w + 2*w = 5*a - 15, -5*w = 3*a - 28. Let h be m(w). Let u(t) = t - 7. What is u(h)?
1
Let v(x) = 3*x - 3. Let b(j) = 2*j - 3. Let g(q) = 4*b(q) - 3*v(q). L